 20 = -2*l, -2*l - 2*k - h = -6*l. What is the units digit of l?
4
Suppose -h = 3*i - 363, -4*i - 8 = -0*i. What is the hundreds digit of h?
3
Suppose 5*l = 2*p - 51, 0*p + p - 5*l = 38. Let q = 104 + p. What is the hundreds digit of q?
1
Suppose 5*b + 506 + 529 = 0. Let n = b - -312. What is the tens digit of n?
0
What is the units digit of (6 + (-55)/10)*676?
8
Let s(t) = -t**2 + 2*t + 11. Let b be s(5). Let n = 7 + b. Suppose -49 = -u - 4*m, 78 = -2*u + 4*u + n*m. What is the tens digit of u?
3
Let t(s) = 3*s**2 + 3*s - 1. Let k be t(-2). What is the units digit of (8 - (k + -4)) + -5?
2
Let m(h) = -41*h - 85. What is the hundreds digit of m(-7)?
2
Suppose -5*u + 2*x + 335 + 2240 = 0, 3*x = 0. What is the tens digit of u?
1
Suppose -11038 = -24*v + 866. What is the hundreds digit of v?
4
What is the units digit of ((-2)/(-10 - -4))/(2/144)?
4
Suppose 14*i - 11*i + 12 = 0. Let f be 2*2/i + -1. What is the tens digit of (4/6)/(f/(-42))?
1
Let i be (-4)/((-4)/4) - -13. Let x = 72 - i. What is the units digit of x?
5
Let l(r) = -26*r - 75. What is the units digit of l(-14)?
9
Suppose -4*u + 84 + 204 = 4*c, -302 = -4*c + 3*u. Let l(j) = j**2 + 15*j + 12. Let z be l(-8). Let q = c + z. What is the tens digit of q?
3
Let f be (-92)/((-10)/5*1/4). Let m(l) = l**3 - 6*l**2 + 2*l + 8. Let q be m(6). Suppose 3*c = f + q. What is the units digit of c?
8
Let i(t) = 5*t**2 + 55*t + 56. What is the thousands digit of i(-26)?
2
Let d(a) = 10*a**2 - 10*a - 11. What is the hundreds digit of d(-5)?
2
Let i be 154 + (-4 - (-2 - (6 + -3))). Suppose 96*l = 95*l + i. What is the tens digit of l?
5
Let c(m) = -3*m - 3. Let x be c(-4). Suppose 37*h = 42*h + 40. What is the units digit of h + x - (0 - 15)?
6
Suppose -5*n + 4*u = -13660, 3*n - 5010 = -3*u + 3213. What is the units digit of n?
6
Let z = 19 + -15. Let y(w) = 1 - 6 + 4 + z*w**2. What is the tens digit of y(3)?
3
Suppose 0 = -32*i + 63938 - 10530. What is the tens digit of i?
6
Let q(s) be the second derivative of s**4/6 - 7*s**3/6 + 3*s**2 + 3*s. Let i be q(7). Suppose 3*n - i - 47 = 0. What is the units digit of n?
4
Let k(m) = -m**2 + 7 - 3*m + 10*m + 2. Let x be k(8). Suppose -x = -n + 4. What is the units digit of n?
5
Let a = 311 - -573. What is the hundreds digit of a?
8
Suppose 2*t - 65 + 19 = 0. Let a = t - 33. Let z = 28 + a. What is the tens digit of z?
1
Let n(j) = 18*j - 76. Let h(v) = -6*v + 25. Let c(l) = -7*h(l) - 2*n(l). What is the units digit of c(14)?
1
Suppose w + 4 = 7. Suppose w*x + 3*x = 792. Let y = x + -76. What is the units digit of y?
6
Suppose 4*m - 2 = -g + 5*m, 4 = g + m. Suppose g*t = -3*t + 1506. What is the tens digit of t?
5
Let c be (-12)/7*21/(-6). What is the units digit of ((-2)/(-4))/(c/12)?
1
Let o(l) = 2*l**3 - 9*l**2 - 10*l + 17. What is the tens digit of o(8)?
8
Let c be 1 - 4 - (1 - -2). Let q be 3/c*2 + 3. Suppose -1 - 7 = -q*y. What is the units digit of y?
4
Let x(j) be the second derivative of j**5/20 + j**4/3 + j**3/3 + 3*j**2/2 + 3*j. Let g be x(-3). Suppose -7*h = -g*h - 6. What is the units digit of h?
6
Let p be (0 + -2)*(-116)/(-29). Let c be 4*1/(-2)*-21. Let y = c - p. What is the units digit of y?
0
Suppose -b = -q, -5*q - 16 + 1 = 0. Let i = b - -5. Suppose -4*w + i*w = -58. What is the tens digit of w?
2
Suppose -g + 3*n + 30 = 0, 68 = 3*g + 3*n + 14. Let t be (-3)/g + 480/28. Suppose y - t = -0*y. What is the units digit of y?
7
Let g be 45/12 + -2 - (-6)/(-8). What is the units digit of 6426/28 + g/2?
0
Let q = -10 + 12. Suppose -10 = -q*b + g - 0*g, 1 = -b - g. Suppose b*p - 38 = 43. What is the tens digit of p?
2
Let p = -94 + 108. What is the units digit of 2/4*7/p*32?
8
Let w(q) = 11*q**2 + 4*q - 11. Let g = 15 + -12. What is the units digit of w(g)?
0
Let w(p) = p**2 + 5*p + 10. Suppose 4*x - 53 = -8*j + 3*j, 4*j - 2*x - 32 = 0. What is the units digit of w(j)?
6
Suppose -2*b = 4*i - 258, -27 = -b + 3*i + 92. Suppose -35 = 5*n + 5*c, -5*n + 4*c + 5 = 13. What is the units digit of 4/(-16) - b/n?
1
Let i = 120 + 132. What is the tens digit of i?
5
Let o = 2923 - 2182. What is the units digit of o?
1
Let w(r) = 6*r - 12. Let u(n) = n**3 + 5*n**2 - 4. Let d be u(-5). Let m be w(d). Let l = m + 38. What is the units digit of l?
2
Let c = -1346 - -2565. What is the hundreds digit of c?
2
Let f = 1996 - 951. What is the units digit of f?
5
Suppose 3 = 3*t + 2*k - 1, -3*t + 8 = k. Let p(u) = 2*u**2 - 5*u + 1. Let v be p(5). Suppose t*c - 110 = v. What is the tens digit of c?
3
Let r(m) be the third derivative of m**7/5040 + m**5/12 + 4*m**2. Let w(l) be the third derivative of r(l). What is the units digit of w(8)?
8
Suppose 0 = 3*y + 4*i - 146, -5*y + 2*i = 76 - 302. What is the tens digit of y?
4
Let q(p) = p**3 - 4*p**2 + 2*p. Let h be q(4). Suppose 165 = 3*v - h*v + 3*u, 0 = -v + 4*u - 33. What is the tens digit of 9/2*(-220)/v?
3
Suppose -2*s + 590 = 5*g, -s = 4*g + 20 - 318. What is the tens digit of s?
9
Let s(t) = 26 + t + 12*t**2 + 10*t + t**3 + 2*t. What is the units digit of s(-10)?
6
Suppose 12*g = -g + 37388. What is the tens digit of g?
7
Suppose -2*h = 5*z - 1982, -1 - 3 = h. Suppose -12 = -3*q, 0 = 6*s - s - 3*q - z. What is the tens digit of s?
8
Let s(q) = -3*q**3 + 3*q**2 + 2*q - 2. Let z(i) = i**2 + 6*i + 6. Let g be z(-4). What is the tens digit of s(g)?
3
Let b = 13 + -24. Let j be (-13)/b - 10/55. What is the tens digit of (j - (-7)/(-3))*-12?
1
Suppose -48*o + 43*o + 5230 = 0. What is the thousands digit of o?
1
Let u = -438 - -916. Let g = 302 - u. What is the units digit of g/(-14) + 3/7?
3
Suppose 4*m + 25 = -3*s, 5*m + 47 = 3*s + 9. Let n = -13 + 23. Let h = m + n. What is the units digit of h?
3
Let t(f) = -5*f + 24*f**2 - 21*f**2 + 0 + 10. What is the tens digit of t(8)?
6
What is the hundreds digit of ((-147)/28)/(-1*(-4)/(-576))?
7
Suppose 1350 = 37*b - 4089. What is the hundreds digit of b?
1
Let q(h) = -2*h + 9. Let j(z) = z + 1. Let i(x) = 3*j(x) - q(x). What is the tens digit of i(20)?
9
Suppose 4469 + 1691 = 20*a. What is the units digit of a?
8
Suppose 0 = h - 10 + 7. Let b(x) = 4*x**2 + 6*x + 2. What is the units digit of b(h)?
6
Suppose 30*r - 700 - 3170 = 0. What is the units digit of r?
9
Let a(y) = -735*y**3 - 4*y - 3. What is the hundreds digit of a(-1)?
7
Let c = 323 + -140. What is the units digit of c?
3
Let r = -212 - -530. What is the tens digit of r?
1
Suppose -c = 2*h - 4938, 4*c + h - 17440 - 2284 = 0. What is the hundreds digit of c?
9
Let u = -15 - -27. Suppose 2*r - 3*b = -5*b + 124, 3*b = -u. Suppose 4*c - 130 - r = 0. What is the tens digit of c?
4
Let f(x) be the second derivative of x**5/20 + 2*x**3/3 - x**2 - 4*x. What is the units digit of f(6)?
8
Let x = -699 + 1179. What is the tens digit of x?
8
Let o(g) = -2*g**3 - 10*g**2 - 12*g - 4. What is the hundreds digit of o(-11)?
5
Let y = 27 + -19. Suppose -y*c + 2064 = 4*c. What is the hundreds digit of c?
1
Let c = 7 - 8. Let y be (-2)/(c/(2/(-4))). What is the tens digit of ((-37)/4 - y)*-4?
3
Let z be 2/(-8) - (-13)/4. Suppose 0 = -2*g - 3*t + 84, 5*g - 30 = 3*t + 222. Suppose h = z*h - g. What is the units digit of h?
4
Let g(o) = 4*o**2 + 47*o + 632. What is the hundreds digit of g(-17)?
9
Suppose -99 = -2*f + 339. What is the tens digit of f?
1
Let i(t) = t - 1. Let r be i(12). Let k(h) = -h + 16. Let w be k(r). Suppose -q + 7 = w*f, q - 3*f - 7 - 32 = 0. What is the units digit of q?
7
Suppose 0 = 4*j + j - 35. Let q = j + -6. What is the units digit of q/5 + (-58)/(-10)?
6
Let l be (-1 - 0)*22 + 3. Let u = -15 - l. Suppose -448 = -u*k - 3*k. What is the units digit of k?
4
Let p(m) = 73*m**2 + 12*m - 24. What is the hundreds digit of p(3)?
6
Let i = -3582 + 9025. What is the units digit of i?
3
Let o(z) = 17*z - 9. Let f be o(6). Let u = f + -54. What is the tens digit of u?
3
Let y(r) = r**3 + r**2 + 5*r - 10. Let g(j) = 5*j**3 + 3*j**2 + 19*j - 39. Let o(c) = 2*g(c) - 9*y(c). What is the units digit of o(5)?
7
Suppose 1387 = 8*n - 4*n + 3*s, -1386 = -4*n - 2*s. What is the tens digit of n?
4
Let z(w) = -3*w**2 + 6*w - 13. Let g(k) = k**2 - 2*k + 4. Let v(u) = 7*g(u) + 2*z(u). Let l be v(-3). Suppose t = 2*t - l. What is the units digit of t?
7
Suppose o = 55 - 54. What is the units digit of -14*o/(-1)*1?
4
Suppose 18*v - 4